n(q) = -q**2 + 6*q + 32. Let r be n(8). Suppose -r*a + 158 = 46. What is the remainder when a is divided by 4?
3
Suppose 5*g = -3*p + 262, 3*g - 163 = -p + 5*p. Suppose g = 2*n - 355. Suppose -2*c - 4*c = -n. What is the remainder when c is divided by 9?
7
Let h = -15 - -35. Calculate the remainder when 158 is divided by h.
18
Suppose -g - 3*g = -36. Let n = g - 3. What is the remainder when (14 - 3)*(7 + -10 + 5) is divided by n?
4
Let i(u) = -3*u**2 + 73*u - 48. Calculate the remainder when i(17) is divided by 37.
30
Let z = -183 + 188. What is the remainder when 9 is divided by z?
4
Let r be (-2 + 0)/(-2 + 16/10). Let t(m) = 2*m**3 - 4*m**2 - 10*m - 7. What is the remainder when t(r) is divided by 16?
13
Let n = 15993 + -15984. Calculate the remainder when 94/6 + (-4)/6 is divided by n.
6
Let g = 4 - -6. Suppose -116 = -2*r - 4*l, -l + 5*l = 20. Calculate the remainder when r is divided by (-252)/(-15) + 2/g.
14
Let p = -95 - -107. Calculate the remainder when 28 is divided by p.
4
What is the remainder when (-2)/(2356/788 - 3) is divided by 20?
17
Let s(x) = x**3 + 6*x**2 - 2*x + 2. Suppose 0 = u - 0 + 6. Calculate the remainder when 25 is divided by s(u).
11
Suppose 17 + 11 = -2*i. Let n = i - -7. Let s = 15 + n. Calculate the remainder when s is divided by 3.
2
Suppose 4*q + 2*g + 65 = -23, 42 = -2*q - 2*g. Let x(r) = -r**3 - 22*r**2 + 22*r - 2. What is the remainder when x(q) is divided by 8?
5
Suppose -j - 5*p + 5 = 0, 0*p + 58 = 4*j + p. Suppose -22*r + j*r + 602 = 0. What is the remainder when r is divided by 22?
20
Let j = 32 - 0. Calculate the remainder when -2 - ((-2)/(-6)*(-13 - 8) - 150) is divided by j.
27
Let h(u) = 6*u + 40. Let g be h(-6). Suppose -g*k + 4*f + 24 = 0, 28 = 4*k - 0*f - 2*f. What is the remainder when k is divided by 5?
3
Let j(r) = -r**2 - 5*r - 2. Calculate the remainder when j(-3) is divided by 4/2*(-22 - -23).
0
Suppose 4*q + 0*b + 8 = -4*b, -10 = 2*b. Suppose -2*l - x + 5*x + 88 = 0, q*l - 96 = -3*x. Let p = 74 - l. Calculate the remainder when 150 is divided by p.
36
Let h be 320/8 - (0 - 0). Suppose 4*i = -5*o + h, -4*o + 27 = -4*i + 67. Calculate the remainder when 16 is divided by i.
6
Let q(d) = 16*d - 3. Let i be q(-4). Let n = -34 - i. What is the remainder when n is divided by ((-4)/(-10))/(1/45)?
15
Calculate the remainder when 10 is divided by 2 + 2 + (0/8 - 0).
2
Suppose -101 = -17*d + 239. Calculate the remainder when 76 is divided by d.
16
Let n be 10/15 - (-458)/6. Let z = -36 + n. What is the remainder when z is divided by 18/(-81) - 128/(-9)?
13
Let x be (1 - 6)*(-4)/10. Let m be -2*20/(-16)*x. Suppose -18 = -p + m*z - 3*z, 3*p - 76 = -5*z. What is the remainder when p is divided by 8?
6
Let f be (4 - 32/6)*(-57)/2. Suppose -4*p + 3*p + f = 0. Calculate the remainder when p is divided by 20.
18
Suppose -6*j - 13*j + 2679 = 0. What is the remainder when j is divided by 24?
21
Suppose 2*r + 4*q = 20, 0*q - 5*q + 13 = r. Let t = r - 7. Let a(f) = 7*f**3 - f**2 + 1. Calculate the remainder when 18 is divided by a(t).
4
Let b = -131 - -164. Let g = 43 - 25. What is the remainder when b is divided by g?
15
Suppose 6*q + 89 = 671. Calculate the remainder when q is divided by 13.
6
Let f(w) = 36*w + 11. Suppose 5*x - 93 = m, -m - 103 = -5*x - 5*m. What is the remainder when x is divided by f(0)?
8
Let m(k) = 8*k - 2. Let u be 2 + -4*(-3)/(-6). Suppose u = -131*y + 133*y - 104. What is the remainder when y is divided by m(2)?
10
Let w = -645 - -901. What is the remainder when w is divided by 88?
80
Let g = 19 + -22. Let i = g - -10. What is the remainder when 17 is divided by i?
3
Suppose -45*v = -6248 - 7207. Calculate the remainder when v is divided by 10.
9
Suppose 0 = -10*f + 34 + 176. Suppose 0 = -4*k + 12 + 4. What is the remainder when f is divided by k?
1
Calculate the remainder when 99 is divided by (-465)/(-18) + 36/216.
21
Suppose 534 = 3*m + 3*m. Let y = -29 + m. Calculate the remainder when y is divided by 16.
12
Let f = -317 - -481. What is the remainder when f is divided by 34?
28
Let y be -2 + (3 + -1)*3. Suppose -y*j = -3*m - 170, j - 52 = -0*j - 4*m. Suppose 0*u = -4*u + j. What is the remainder when 32 is divided by u?
10
Suppose 981 = 7*o - 454. Let q = 305 - o. What is the remainder when q is divided by 34?
32
Let n be -2 - (-8 - (-2 + 0)). Suppose 0 = -n*g - 0*g + 72. What is the remainder when g is divided by 9/(36/(-16)) + 11?
4
Suppose 4*i + i = 45. Suppose 2*z + 3*z + 5*j = 165, -3*z = -4*j - 106. What is the remainder when z is divided by i?
7
Let w be (-1)/(-5) - (-1)/(-5). Suppose d + j + 0 = 2, -3*d + 5*j - 26 = w. Calculate the remainder when 9 is divided by (-12)/d*(3 + -2).
3
Let p be (1 - (-1 + 2)) + -60. Let o = -132 + 166. What is the remainder when o is divided by (4/(-10))/(2/p)?
10
Suppose 7*j - 69 = 22. Suppose -91 = -3*d + p - 27, -2*p + 10 = 0. What is the remainder when d is divided by j?
10
Let x(f) = -16*f**2 - 102*f - 7. Calculate the remainder when 83 is divided by x(-6).
25
Let k be -6*(-10)/15*-5. Let o = 61 + k. Calculate the remainder when o is divided by 11.
8
Let o(l) = -l + 5. Let y be o(-5). Let r be (-3)/(-15) - 92/y. What is the remainder when 2 is divided by 3/r + 14/6?
0
Let k(g) = g**2 - 2*g. Let t = -10 + 10. Let r be k(t). Suppose -3*p + r*p + 36 = 0. Calculate the remainder when 35 is divided by p.
11
Suppose 0 = 12*c - 11*c - 6. Calculate the remainder when c is divided by 3 - 3 - (-15)/3.
1
Let t = -207 + 331. Calculate the remainder when t is divided by 32.
28
Let l be 558/54 + (-4)/(-6). Suppose 4*s + 5 = -2*i + l, 0 = 3*i + s - 19. Let q(m) = m**2 - 2*m - 1. Calculate the remainder when i is divided by q(3).
1
What is the remainder when 2538 is divided by (242/(-1))/(-8 - 5 - -11)?
118
Let j = 162 + -140. Suppose -6*c - 40 = -c. Calculate the remainder when 14*2*(-18)/c is divided by j.
19
Suppose 5*v - 22 = 188. Let b(n) = -n**3 - 4*n**2 - 2*n + 1. Let o be b(-2). Let k(j) = -2*j**3 - 4*j**2 + j. What is the remainder when v is divided by k(o)?
12
Suppose 0 = -3*h + 68 + 76. Let u(w) = -w**3 - w**2 + 7*w + 1. What is the remainder when u(-6) is divided by h?
43
Let z = 34 - 28. Let y(m) = m**2 + m + 7. What is the remainder when y(z) is divided by 17?
15
Let h(i) = 2*i**2 + 18*i - 146. Calculate the remainder when h(21) is divided by 18.
16
Suppose 2*j = 4*t - 8*t + 50, 0 = 4*j - 4*t - 64. What is the remainder when 483 is divided by j?
8
Suppose 5*h = 3*k + 38, -5*h - 6 - 20 = k. Let f(r) = -r**2 - 15*r + 23. Calculate the remainder when 12 is divided by f(k).
5
Suppose 13*w = 9*w + 8. Suppose -2*l + 7 = x - 0*l, w*x = -l + 29. What is the remainder when x is divided by 7?
3
Suppose -2*x + 4*l + 105 = 3*l, 3*l = 3. What is the remainder when x is divided by 112/6 - (-16)/(-24)?
17
Let f = -30 - -14. Let x(a) = 2*a**2 + 17*a + 8. Calculate the remainder when x(f) is divided by 50.
48
Suppose 0 = 4*g + 52 - 848. Suppose -4*z + 88 = -2*z + 4*t, -5*z - 3*t + g = 0. Let l(w) = -7*w - 1. What is the remainder when z is divided by l(-2)?
12
Let l(f) = f + 5. Let s be l(0). Suppose -v = -s*y - 60, -2*v + y + 144 = -y. Calculate the remainder when v is divided by 39.
36
What is the remainder when 35*-2*147/(-14) is divided by 67?
65
Let a(y) = -3*y**3 - 2*y**2 + 3*y + 2. Let h be a(-2). Let q = -7 + h. What is the remainder when 14 is divided by q?
4
Suppose 24*o - 1584 = 2*o. What is the remainder when 356 is divided by o?
68
Suppose 4*t + 2 = 18. Suppose -3*s + t*f + 17 = 0, s = 3*f - 2*f + 7. Let x(g) = g. What is the remainder when x(s) is divided by 6?
5
Suppose -8 - 106 = -3*w. Suppose -3*f = -7*f - 2*y + w, -3*f + 24 = -3*y. Let n = -5894 - -5900. Calculate the remainder when f is divided by n.
3
Let j = 5 - 9. Suppose 0 = -2*p - 2*p + 2*x - 6, 3*x = -3. Calculate the remainder when 6 is divided by 2 + p - (0 + j).
2
Let k be (-8)/10*(-15)/6. Suppose k*a = -a. What is the remainder when 71 is divided by (a - 1 - -23) + 2?
23
Suppose p + 4*y = -34 - 2, 4*p + 5*y + 89 = 0. Let f be ((-116)/p)/(2/8). Suppose -5*k + f + 26 = 0. Calculate the remainder when 42 is divided by k.
9
Let g = 18 + 0. Let d(n) = -2*n - 5. Let w be d(-5). Suppose -w*k - 23 = -373. Calculate the remainder when k is divided by g.
16
Let v(g) be the second de